{"id":169,"date":"2019-06-25T12:54:03","date_gmt":"2019-06-25T12:54:03","guid":{"rendered":"https:\/\/promsoc.saint-henri.be\/?page_id=169"},"modified":"2024-09-24T09:14:32","modified_gmt":"2024-09-24T09:14:32","slug":"inscriptions","status":"publish","type":"page","link":"https:\/\/promsoc.saint-henri.be\/?page_id=169","title":{"rendered":"Inscriptions"},"content":{"rendered":"<p><strong><u>Les formalit\u00e9s d&rsquo;inscription <\/u><\/strong><\/p>\n<p>T\u00e9l\u00e9phonez au 056\/56.00.61 pour un rendez-vous au secr\u00e9tariat de l&rsquo;\u00e9cole.<\/p>\n<p>Veuillez vous munir de\/du:<\/p>\n<ul>\n<li>votre carte d&rsquo;identit\u00e9<\/li>\n<li>votre carte JobPASS (pour les demandeurs d&#8217;emploi en Belgique), votre\u00a0attestation du VDAB ou d&rsquo;ACTIRIS<\/li>\n<li>montant correspondant aux droits d&rsquo;inscriptions (Paiement en liquide ou Payconiq ou virement bancaire- carte bancaire non accept\u00e9e)<\/li>\n<\/ul>\n<p><strong><u>Les conditions d&rsquo;inscription <\/u><\/strong><\/p>\n<p>Pour \u00eatre admis dans une formation, il faut :<\/p>\n<ul>\n<li>avoir 16 ans (d\u00e9rogation possible pour les jeunes de 15 ans)<\/li>\n<li>r\u00e9ussir un test d\u2019admission de base<\/li>\n<li>avoir d\u00e9livr\u00e9 \u00e0 l&rsquo;\u00e9cole tous les documents du dossier administratif<\/li>\n<li>s\u2019\u00eatre acquitt\u00e9 des droits d&rsquo;inscriptions<\/li>\n<li>adh\u00e9rer au r\u00e8glement d&rsquo;ordre int\u00e9rieur des Conseils des Etudes<\/li>\n<\/ul>\n<p><strong><u>Conditions compl\u00e9mentaires pour les conducteurs de chariots \u00e9l\u00e9vateurs<\/u><\/strong><\/p>\n<ul>\n<li>poss\u00e9der le permis B<\/li>\n<li>r\u00e9ussir le test d&rsquo;admission et de motivation (Uniquement sur rendez-vous au 056\/56.00.61)<\/li>\n<\/ul>\n<p><strong>Remarque pour les formations cariste frontal &#8211; lat\u00e9ral &#8211; gerbeur: <\/strong>Toute absence non justifi\u00e9e pr\u00e9alablement \u00e0 un cours ne pourra faire l&rsquo;objet d&rsquo;un remboursement et sera consid\u00e9r\u00e9e comme \u00e9chec de la formation.<\/p>\n","protected":false},"excerpt":{"rendered":"<p>Les formalit\u00e9s d&rsquo;inscription T\u00e9l\u00e9phonez au 056\/56.00.61 pour un rendez-vous au secr\u00e9tariat de l&rsquo;\u00e9cole. Veuillez vous munir de\/du: votre carte d&rsquo;identit\u00e9 votre carte JobPASS (pour les demandeurs d&#8217;emploi en Belgique), votre\u00a0attestation du VDAB ou d&rsquo;ACTIRIS&#46;&#46;&#46;<\/p>\n","protected":false},"author":6,"featured_media":0,"parent":0,"menu_order":0,"comment_status":"closed","ping_status":"closed","template":"","meta":{"footnotes":""},"class_list":["post-169","page","type-page","status-publish","hentry"],"_links":{"self":[{"href":"https:\/\/promsoc.saint-henri.be\/index.php?rest_route=\/wp\/v2\/pages\/169","targetHints":{"allow":["GET"]}}],"collection":[{"href":"https:\/\/promsoc.saint-henri.be\/index.php?rest_route=\/wp\/v2\/pages"}],"about":[{"href":"https:\/\/promsoc.saint-henri.be\/index.php?rest_route=\/wp\/v2\/types\/page"}],"author":[{"embeddable":true,"href":"https:\/\/promsoc.saint-henri.be\/index.php?rest_route=\/wp\/v2\/users\/6"}],"replies":[{"embeddable":true,"href":"https:\/\/promsoc.saint-henri.be\/index.php?rest_route=%2Fwp%2Fv2%2Fcomments&post=169"}],"version-history":[{"count":3,"href":"https:\/\/promsoc.saint-henri.be\/index.php?rest_route=\/wp\/v2\/pages\/169\/revisions"}],"predecessor-version":[{"id":395,"href":"https:\/\/promsoc.saint-henri.be\/index.php?rest_route=\/wp\/v2\/pages\/169\/revisions\/395"}],"wp:attachment":[{"href":"https:\/\/promsoc.saint-henri.be\/index.php?rest_route=%2Fwp%2Fv2%2Fmedia&parent=169"}],"curies":[{"name":"wp","href":"https:\/\/api.w.org\/{rel}","templated":true}]}}