{"id":161,"date":"2019-06-25T12:52:49","date_gmt":"2019-06-25T12:52:49","guid":{"rendered":"https:\/\/promsoc.saint-henri.be\/?page_id=161"},"modified":"2025-08-26T11:49:19","modified_gmt":"2025-08-26T09:49:19","slug":"descriptifs-machines","status":"publish","type":"page","link":"https:\/\/promsoc.saint-henri.be\/?page_id=161","title":{"rendered":"Brevets &#8211; Conditions"},"content":{"rendered":"<h1><strong>Chariot \u00e9l\u00e9vateur Frontal &#8211; Chariot \u00e9l\u00e9vateur Lat\u00e9ral &#8211; Transpalette \u00e9lectrique et Gerbeur<\/strong><\/h1>\n<p><strong><u>Conditions \u00e0 r\u00e9unir pour \u00eatre admis en formation :<\/u><\/strong><\/p>\n<ul>\n<li>poss\u00e9der le permis de conduire B ( = permis voiture);<\/li>\n<li>\u00eatre en ordre du point de vue des documents \u00e0 fournir \u00e0 l&rsquo;\u00e9cole (voir ci-dessous);<\/li>\n<li>r\u00e9ussir le test d&rsquo;admission (test d&rsquo;aptitude en fran\u00e7ais et en calcul + test de motivation) ou poss\u00e9der le certificat de 4\u00e8me ann\u00e9e professionnelle (Belgique);<\/li>\n<li>\u00eatre en ordre de paiement.<\/li>\n<\/ul>\n<p><strong><u>Formalit\u00e9s \u00e0 accomplir le jour de l&rsquo;inscription :<\/u><\/strong><\/p>\n<ul>\n<li>uniquement sur <strong>rendez-vous<\/strong> au 056\/56.00.61;<\/li>\n<li>une photocopie de la carte d&rsquo;identit\u00e9 sera r\u00e9alis\u00e9e \u00e0 l&rsquo;\u00e9cole;<\/li>\n<li>une photocopie de votre permis de conduire sera r\u00e9alis\u00e9e \u00e0 l&rsquo;\u00e9cole;<\/li>\n<li>pour les demandeurs d&#8217;emploi r\u00e9sidents en Belgique, une photocopie de la carte Job Pass du FOREM sera r\u00e9alis\u00e9e \u00e0 l&rsquo;\u00e9cole;<\/li>\n<li>pour les demandeurs d&#8217;emploi habitant Bruxelles, communiquer \u00e0 l&rsquo;\u00e9cole le nr ACTIRIS;<\/li>\n<li>pour les demandeurs d&#8217;emploi habitant en Flandre, fournir \u00e0 l&rsquo;\u00e9cole une attestation du VDAB intitul\u00e9e \u00ab Aanvraag van een vrijstelling van het inschrijvingsgeld in het Volwassenenonderwijs \u00bb ayant une date la plus proche possible du jour des pr\u00e9-inscriptions (attention : pour b\u00e9n\u00e9ficier du prix de 110 \u20ac, la case \u00ab\u00a0volledige vrijstelling\u00a0\u00bb doit \u00eatre coch\u00e9e par le VDAB);<\/li>\n<li>payer le droit d&rsquo;inscription en <strong><u>esp\u00e8ces (Nous ne poss\u00e9dons pas de BANCONTACT)<\/u><\/strong>\u00a0ou avec l&rsquo;application <strong>Payconiq<\/strong>;<\/li>\n<li>passer le test d&rsquo;admission.<\/li>\n<\/ul>\n<p>&nbsp;<\/p>\n","protected":false},"excerpt":{"rendered":"<p>Chariot \u00e9l\u00e9vateur Frontal &#8211; Chariot \u00e9l\u00e9vateur Lat\u00e9ral &#8211; Transpalette \u00e9lectrique et Gerbeur Conditions \u00e0 r\u00e9unir pour \u00eatre admis en formation : poss\u00e9der le permis de conduire B ( = permis voiture); \u00eatre en ordre&#46;&#46;&#46;<\/p>\n","protected":false},"author":6,"featured_media":0,"parent":0,"menu_order":0,"comment_status":"closed","ping_status":"closed","template":"","meta":{"footnotes":""},"class_list":["post-161","page","type-page","status-publish","hentry"],"_links":{"self":[{"href":"https:\/\/promsoc.saint-henri.be\/index.php?rest_route=\/wp\/v2\/pages\/161","targetHints":{"allow":["GET"]}}],"collection":[{"href":"https:\/\/promsoc.saint-henri.be\/index.php?rest_route=\/wp\/v2\/pages"}],"about":[{"href":"https:\/\/promsoc.saint-henri.be\/index.php?rest_route=\/wp\/v2\/types\/page"}],"author":[{"embeddable":true,"href":"https:\/\/promsoc.saint-henri.be\/index.php?rest_route=\/wp\/v2\/users\/6"}],"replies":[{"embeddable":true,"href":"https:\/\/promsoc.saint-henri.be\/index.php?rest_route=%2Fwp%2Fv2%2Fcomments&post=161"}],"version-history":[{"count":13,"href":"https:\/\/promsoc.saint-henri.be\/index.php?rest_route=\/wp\/v2\/pages\/161\/revisions"}],"predecessor-version":[{"id":666,"href":"https:\/\/promsoc.saint-henri.be\/index.php?rest_route=\/wp\/v2\/pages\/161\/revisions\/666"}],"wp:attachment":[{"href":"https:\/\/promsoc.saint-henri.be\/index.php?rest_route=%2Fwp%2Fv2%2Fmedia&parent=161"}],"curies":[{"name":"wp","href":"https:\/\/api.w.org\/{rel}","templated":true}]}}