{"id":139,"date":"2019-06-25T12:48:22","date_gmt":"2019-06-25T12:48:22","guid":{"rendered":"https:\/\/promsoc.saint-henri.be\/?page_id=139"},"modified":"2025-06-17T12:09:00","modified_gmt":"2025-06-17T10:09:00","slug":"initiation-a-la-langue-francaise","status":"publish","type":"page","link":"https:\/\/promsoc.saint-henri.be\/?page_id=139","title":{"rendered":"Initiation \u00e0 la langue fran\u00e7aise"},"content":{"rendered":"<p><strong><u>Intitul\u00e9:<\/u><\/strong> Initiation \u00e0 la langue fran\u00e7aise<\/p>\n<p><strong><u>P\u00e9riodes:<\/u><\/strong> 40 (une p\u00e9riode = 50 minutes de cours)<\/p>\n<p><strong><u>Droit d&rsquo;inscription:<\/u><\/strong><\/p>\n<p>50 \u20ac<\/p>\n<p><strong><u>Jours et heures de cours:<\/u><\/strong><\/p>\n<ul>\n<li>Initiation \u00e0 la langue fran\u00e7aise : Mercredi de 13h15 \u00e0 15h45<\/li>\n<li>Pr\u00e9paration \u00e0 l&rsquo;apprentissage du fran\u00e7ais langue \u00e9trang\u00e8re : Mardi et jeudi de 9h30 \u00e0 11h45 ET \/ OU Mardi et jeudi de 18h30 \u00e0 20h30<\/li>\n<li>Alphab\u00e9tisation : Lundi, mercredi et vendredi de 9h30 \u00e0 11h45<\/li>\n<\/ul>\n<p>&nbsp;<\/p>\n","protected":false},"excerpt":{"rendered":"<p>Intitul\u00e9: Initiation \u00e0 la langue fran\u00e7aise P\u00e9riodes: 40 (une p\u00e9riode = 50 minutes de cours) Droit d&rsquo;inscription: 50 \u20ac Jours et heures de cours: Initiation \u00e0 la langue fran\u00e7aise : Mercredi de 13h15 \u00e0&#46;&#46;&#46;<\/p>\n","protected":false},"author":6,"featured_media":0,"parent":0,"menu_order":0,"comment_status":"closed","ping_status":"closed","template":"","meta":{"footnotes":""},"class_list":["post-139","page","type-page","status-publish","hentry"],"_links":{"self":[{"href":"https:\/\/promsoc.saint-henri.be\/index.php?rest_route=\/wp\/v2\/pages\/139","targetHints":{"allow":["GET"]}}],"collection":[{"href":"https:\/\/promsoc.saint-henri.be\/index.php?rest_route=\/wp\/v2\/pages"}],"about":[{"href":"https:\/\/promsoc.saint-henri.be\/index.php?rest_route=\/wp\/v2\/types\/page"}],"author":[{"embeddable":true,"href":"https:\/\/promsoc.saint-henri.be\/index.php?rest_route=\/wp\/v2\/users\/6"}],"replies":[{"embeddable":true,"href":"https:\/\/promsoc.saint-henri.be\/index.php?rest_route=%2Fwp%2Fv2%2Fcomments&post=139"}],"version-history":[{"count":6,"href":"https:\/\/promsoc.saint-henri.be\/index.php?rest_route=\/wp\/v2\/pages\/139\/revisions"}],"predecessor-version":[{"id":657,"href":"https:\/\/promsoc.saint-henri.be\/index.php?rest_route=\/wp\/v2\/pages\/139\/revisions\/657"}],"wp:attachment":[{"href":"https:\/\/promsoc.saint-henri.be\/index.php?rest_route=%2Fwp%2Fv2%2Fmedia&parent=139"}],"curies":[{"name":"wp","href":"https:\/\/api.w.org\/{rel}","templated":true}]}}